Let o(b) = -b**3 - 16*b**2 - 16*b - 16. Let j be o(-15). What is the remainder when j - (-3 - 7842/6) is divided by 19?
17
Let d = 56 - -254. Let a = 316 - d. Calculate the remainder when 14 is divided by a.
2
Suppose 29 = -3*g - 5*f - 137, -2*f = -g - 59. Let k(i) = 57*i - 154. What is the remainder when k(3) is divided by (-8)/10 - g/15?
2
Let x(b) = -b**3 - 21*b**2 + 387*b + 9. What is the remainder when 2137 is divided by x(9)?
13
Let z(u) = 2*u - u + u + 21 - u. Let w = 69 + -11. Calculate the remainder when w is divided by z(-6).
13
Let t = -5781 + 5821. What is the remainder when 22598 is divided by t?
38
Let p(g) = 519*g - 3224. Calculate the remainder when p(7) is divided by 25.
9
Let m be (-5)/70*6 + (-8)/14. What is the remainder when (123/82)/((-263)/266 - m) is divided by 15?
13
What is the remainder when -9 + (9 + 6)*1 is divided by (-8)/(-14)*(-126)/(-12)?
0
Let o = 25578 - 21723. What is the remainder when o is divided by 29?
27
Let h = -18075 - -18237. Calculate the remainder when 4373 is divided by h.
161
Suppose 11*z = -10 + 43. Suppose z*k - 21 = -3. Calculate the remainder when 31/2*(-3 - -1 - -4) is divided by k.
1
Suppose 2*w = -78*z + 70*z + 136, 2*z + 2*w - 28 = 0. Calculate the remainder when 3074 is divided by z.
14
Let g = -15999 + 32012. What is the remainder when g is divided by 112?
109
Let n = -37 - -39. Suppose 9*c - 296 = -4*k + 5*c, n = -c. Let q = k - 41. What is the remainder when q is divided by 6?
5
Let j = 2631 - 2146. What is the remainder when j is divided by 86?
55
Suppose -5*w - 25 = 0, 3*x + 30 = -2*w + 5*w. Let k(p) = -4*p + 28. Calculate the remainder when k(x) is divided by 30.
28
Let h(b) = b**3 + 19*b**2 - 69*b - 47. Suppose 5*g = -5*m + 8*g + 1106, 0 = -4*m + 3*g + 886. What is the remainder when m is divided by h(-22)?
11
Suppose -6 - 34 = -h - 4*y, h - y = 30. Let u(l) = -l**2 - 26*l - 96. What is the remainder when u(-12) is divided by h?
8
Suppose 0 = 12*t + 4160 - 14660. Calculate the remainder when t is divided by 63.
56
Suppose -4*p + 4*n + 84 = 0, 4*p + n - 59 = p. Suppose 2*d = -24 + p. Calculate the remainder when (0/2 + d)*-13 - 4 is divided by 4.
2
Let z(t) = 3*t**3 + t**2 + 14*t + 5. What is the remainder when (-976)/(-64) - 3/(-4) is divided by z(0)?
1
Calculate the remainder when -2 - (-48)/28 - (-646)/7 is divided by 71.
21
Calculate the remainder when (1*(-3)/(-6)*-2)/(13/(-3913)) is divided by 141.
19
Suppose 337116 - 49314 = -10*k + 187*k. Calculate the remainder when k is divided by 37.
35
Suppose 6*m - 73 = -13. Suppose -m*k + 168 = -6*k. Suppose -k = 3*t - 84. What is the remainder when 25 is divided by t?
11
Suppose 2*a - 338 = -2*x, -2*a - 1467 = -3*x - 940. What is the remainder when x is divided by 119?
54
Let k = 11455 + -11250. What is the remainder when 779 is divided by k?
164
Suppose 135*m + 777 = 138*m. Let d = -167 + m. Calculate the remainder when d is divided by 12.
8
Let o = -22999 - -24240. What is the remainder when o is divided by 249?
245
Suppose -3*g = 4*s - 19, 2 = 2*g - 0. Let n = 13 - s. Suppose 0 = -3*i + 5*c + 95, 34*c = 3*i + 39*c - 55. What is the remainder when i is divided by n?
7
Let v(g) = 3*g**3 + 8*g**2 - 15*g - 15. Calculate the remainder when 402 is divided by v(-1).
2
Suppose 3*f = 5*f - 70. Suppose -3*l + 2*r + 28 = 0, 2*l + 0*r - 14 = -r. What is the remainder when f is divided by (0 - -6)/(l/12)?
8
Let z(y) = y - 11. Let j be z(5). Let v = 38 + j. Suppose 3*o - v = 1. Calculate the remainder when 65 is divided by o.
10
Let d = -302 - -341. What is the remainder when 503 is divided by d?
35
Calculate the remainder when -2 - (-2 + 3 - (-5)/(-1)) is divided by ((-50)/(-200))/((-14)/16 - -1).
0
Let l(c) = 2*c + 63. Let f be l(-9). Suppose 3*w - 50*y + f*y = 187, -w - 2*y = -55. What is the remainder when w is divided by 20?
19
Let k = -336 + 529. What is the remainder when 201 is divided by k?
8
Suppose 0 = 81*i - 102*i + 4956. Calculate the remainder when i is divided by (-24)/20*((-5)/1 + 0).
2
Let n(c) = 409*c + 778. What is the remainder when n(13) is divided by 107?
103
Suppose -2*z + 4*i = -26, z + 3*i = 2*i + 10. What is the remainder when (-1724)/(-16) + ((-9)/(-3))/12 is divided by z?
9
Let z(x) = x**2 - 8*x + 11. Let n be z(8). Suppose 28 = 3*u - n. Suppose 39 = 4*o - u. What is the remainder when 63 is divided by o?
11
Let k be (-1)/(2/94) + 1. Suppose -7*p = -4*p - 180. Let v = p + k. Calculate the remainder when 54 is divided by v.
12
Let d(g) = -337*g + 15202. Calculate the remainder when 701 is divided by d(45).
35
Suppose 87*t - 3541 - 2612 = 66*t. Calculate the remainder when 880 is divided by t.
1
What is the remainder when ((-2135)/10)/((-84)/96) is divided by 76?
16
Let y(k) = -44*k**3 + 7*k**2 + 2*k - 32. Let o be y(4). What is the remainder when 8/2 + o/(-8) is divided by 70?
65
Let g(y) be the first derivative of 8*y**2 + y - 290. Calculate the remainder when 31 is divided by g(1).
14
Calculate the remainder when 736 is divided by (535/(-15))/(5/(-75)*5).
94
Let y be ((21/(-14))/(-3))/((-1)/(-96)). Suppose -8*g + y + 8 = 0. What is the remainder when 43 is divided by g?
1
Suppose i - 3*q + q - 50 = 0, 50 = i + q. What is the remainder when 6/(9/(-2)*(-48)/3960) is divided by i?
10
Let n(z) = -2*z**3 + 2*z**2 + 2*z - 2. Let t be n(2). Let d be -2*(-3)/t - (-1 + 1). What is the remainder when 83 - ((7 - 2) + d) is divided by 28?
23
Let y(k) = -k**3 - 60*k**2 - 433*k + 214. Calculate the remainder when y(-52) is divided by 124.
106
Let t = -6983 + 7118. Calculate the remainder when t is divided by 39.
18
Let g = -1825 - -1833. Calculate the remainder when 108 is divided by g.
4
Let x = 13 + -13. Suppose 0*c - 4*c - 2*j = -690, -3*j + 15 = x. Suppose w = -2*s + 51, s + 160 = 4*w - 2*s. What is the remainder when c is divided by w?
41
Suppose -31 = -5*c - 151. Suppose o + 25 = 84. Calculate the remainder when o is divided by (25/10)/((-4)/c).
14
Let i = -251 + 273. Let r(v) = v**3 - 23*v**2 + 22*v + 11. Calculate the remainder when 58 is divided by r(i).
3
Let b(g) = 21*g + 344. Let v be b(-8). Suppose 0 = v*d - 170*d - 1650. Calculate the remainder when d is divided by 15.
5
Suppose -13*l + 1596 = -5*n - 9*l, 2*n + 638 = 2*l. Let w = 329 + n. What is the remainder when 95 is divided by w?
5
Suppose 0 = 2*o + 3*z - 94, 11*o - 9*o + 2*z - 94 = 0. Calculate the remainder when o is divided by (-25)/(-250) - (-558)/20.
19
Let j be (-6)/10 - (-28)/(-70). Calculate the remainder when 142/3*1*(4 + j) is divided by 13.
12
Suppose r + 5*p + 0*p = 55, 2*r - 110 = 2*p. Suppose 77*m - 682 = r*m. Calculate the remainder when 648 is divided by m.
28
Let h = -487 - -491. Let q(x) = -x**2 + 14*x - 5. Let g be q(14). Let c(j) = j**2 + 4*j - 1. Calculate the remainder when c(g) is divided by h.
0
Suppose x + 4*k - 24 = -3*x, 2*x - k = 12. Suppose 2*d + 36 = x*d. Calculate the remainder when 19 is divided by d/(-6)*(-112)/21.
3
Let n(q) = -112*q + 3832. Calculate the remainder when n(32) is divided by 152.
96
Suppose -3*h + 0*h = -684. What is the remainder when h is divided by ((14/(-12))/1)/((-15)/90)?
4
Suppose 11*f - 1680 = -f. Suppose -370 = -5*d + 205. Let n = f - d. What is the remainder when n is divided by 17?
8
Let x(g) = -g**2 - 20*g + 127. Let p be x(5). Suppose 2*d - 3*h - 12 - 19 = 0, -p*d - 5*h = -55. What is the remainder when 50 is divided by d?
10
Suppose -69 + 411 = 3*v. Suppose 9*n = -502 - 164. Let k = n + v. What is the remainder when k is divided by 14?
12
Suppose -43 = -z + 5*c, 5*c = 4*c. Let l = z - 9. Let g = 16 - 7. Calculate the remainder when l is divided by g.
7
Suppose 73 - 477 = 4*u. Let a = 106 + u. Calculate the remainder when 9 is divided by a.
4
Let t(u) = 18*u**2 - 12*u + 51. Suppose 0 = -7*d + d + 24. What is the remainder when t(d) is divided by 49?
46
What is the remainder when 3086 is divided by (-18 - 1/(15/(-258))) + (-158)/(-10)?
11
Calculate the remainder when 28 is divided by (8/(5 + 35))/(3/(-495)*-3).
6
Calculate the remainder when 775 is divided by 7/((-84)/4554)*1/3*-2.
16
Calculate the remainder when (-98 - -89) + (-2 - -575) is divided by 15.
9
Let x(u) = 1535*u - 342248. Suppose 555 - 1455 = -5*m. What is the remainder when m is divided by x(223)?
9
Suppose -4*y + 147*r = 145*r - 8